- 4. Calculate i(s).
-4
Let r(m) be the second derivative of -m**4/12 - m**3 + 4*m**2 - 9*m. Determine r(-7).
1
Let d = 17 - 21. Let j(n) = -n**2 - 4*n + 4. What is j(d)?
4
Let g = 17 - 15. Let s(p) = -10*p**2 - 1 - 5*p**g + 16*p**2 - 4*p. Determine s(5).
4
Let k(b) = 7*b. Let t(w) = -20*w. Let i(c) = -7*k(c) - 2*t(c). Determine i(1).
-9
Let i(r) = -r - 3. Let s be i(-10). Let p(j) = -j + 11. Let n be p(s). Let y(g) = g**3 - 5*g**2 + 3*g + 5. Calculate y(n).
1
Let h(a) be the second derivative of a**6/360 + 7*a**5/120 + a**4/4 + a**3/2 - a. Let z(k) be the second derivative of h(k). Calculate z(-4).
-6
Suppose 2*o + 6 = -0. Let d(l) = l**3 + 3*l**2 - l + 1. Let c(z) = 1. Let g(s) = -1. Let m(y) = -3*c(y) - 2*g(y). Let t(r) = -d(r) - 2*m(r). What is t(o)?
-2
Let a(m) = m**2 - m - 1. Suppose p + 4*l + 12 = -2*p, 5*l + 15 = 0. Determine a(p).
-1
Let w(d) = 0 - 3*d + 1 - 2. Let z(m) = -3*m. Let j(i) = 3*w(i) - 4*z(i). Calculate j(2).
3
Suppose 0 = -m - 2*a + 4*a + 4, 3*m - 5*a = 11. Let y be 0*(-1 + m) - -2. Let z(x) = -8*x**2 + x - x**2 + x**3 + 4*x**y. Give z(5).
5
Suppose -7*n + n + 12 = 0. Let c(r) = -4*r**2 + 2*r + 2. Calculate c(n).
-10
Let b(r) = -3*r**2 - r. Let s = -28 - -29. What is b(s)?
-4
Suppose -l - l = d - 22, -4*d = 2*l - 22. Let q(t) = 4*t + 6*t - 8 + l - 6*t. Calculate q(-2).
-5
Let c(s) = -13*s + 1. Let o(a) = a**2 - 10*a - 1. Let x be 15 - 4 - (1 + 0). Let r be o(x). Determine c(r).
14
Let a(t) = -11*t + 4*t + 4*t - 2. Give a(-2).
4
Let k(i) be the first derivative of 5*i**4/4 + 20. Determine k(1).
5
Let u(p) = -3*p - 7. Let c be 3 + -7 + 4/(-4). Calculate u(c).
8
Suppose 20 = -2*d + 7*d. Let i(u) = -u**2 + 6*u - 2. Give i(d).
6
Let w(h) be the first derivative of -h**4/4 - 4*h**3/3 + 3*h**2/2 - 3*h - 13. What is w(-5)?
7
Let l(b) = -b**2 - 4*b - 1. Let z(q) = -q**3 + 6*q**2 - 4. Let p be z(6). What is l(p)?
-1
Suppose 7*o - 3*o = -8. Let k(r) = r**3 - 5*r**2 - r. Let u(j) = 4*j**3 - 16*j**2 - 4*j. Let s(d) = -7*k(d) + 2*u(d). Determine s(o).
6
Let y = -17 + 18. Let u(r) = -3*r - 1. What is u(y)?
-4
Let j(p) = p**2 - 5*p - 1. Let u(w) = -3*w - 2. Let h be u(-3). What is j(h)?
13
Let t(n) = n**2 + 58 + n - 3*n**2 - 58. Give t(2).
-6
Let o be 3/((-3)/(-3) - -2). Let u(k) = -21*k**2 + 2*k - 1. Give u(o).
-20
Let k = -9 - -12. Let q be 4/(k + -1*4). Let r(n) = -n**3 - 3*n**2 + 3*n + 2. Calculate r(q).
6
Let l(t) = -t**3 + 4*t**2 - 2*t. Suppose -4*o - 2 = -2*f - 8, 4*f = 4*o. Give l(f).
3
Let q be (-2)/9 + (-20)/(-9). Suppose -3*r + 4*r = -q. Let t(s) = s**2 - s - 1. What is t(r)?
5
Suppose -3*y - 3*u = 0, 4*u - 52 + 12 = 4*y. Let v(l) = l**2 + 4*l + 1. Give v(y).
6
Let c(k) = k**2 - k + 13. Let v = -46 + 46. Calculate c(v).
13
Let i be ((-5)/(20/8))/(-1). Let d(v) = 2*v + v + 5 - 4. What is d(i)?
7
Suppose 5*o - 2*i + 5*i = -30, 18 = -o - 3*i. Let w(c) = -c**2 - c**2 - 3 - c**3 - 4*c + 2*c. What is w(o)?
12
Let q = 2 - -2. Let v(h) = -q*h + h**3 - h + 4*h**2 + 0*h**3 - 3. Give v(-5).
-3
Let t(h) = 12*h**3 - 13 - h**2 - 6*h**3 - 5*h**3. Let k = 1 + -1. Give t(k).
-13
Let c(j) = -j**3 - 6*j**2 - 4*j + 2. Let q be c(-1). Let p(r) be the first derivative of -2*r + 2*r**2 + 1 + 2*r**2 + r. Calculate p(q).
7
Let s(f) be the third derivative of 0 - 2/3*f**3 + 5*f**2 - 1/12*f**4 + 0*f - 1/60*f**5. Calculate s(-3).
-7
Let z be (-2)/4 + 5/2. Let f(l) = l - 4*l + 5 + z*l. Suppose -3*n + 22 = 2*n - h, 0 = -2*n - 5*h + 25. What is f(n)?
0
Let c(a) = a**2 + 10*a + 2. Let g(j) = j**2 + 10*j + 2. Let y(z) = -6*c(z) + 5*g(z). Determine y(-10).
-2
Let x be (-4)/14 + 45/35. Let n be x/(-2)*0 + 3. Let f(d) = 2 + 4*d**2 - 3*d**2 + 0*d**2. Calculate f(n).
11
Let v(u) be the second derivative of 69*u**5/20 - u**3 + 8*u**2 + 2*u. Let p(j) = -14*j**3 + j - 3. Let x(z) = -11*p(z) - 2*v(z). Determine x(-1).
-16
Let v(k) = -k**2 - 13*k + 16. Suppose -l + 0 + 6 = 4*h, -3*h + 15 = 0. Let z be v(l). Let t(b) = -2*b - 2. What is t(z)?
-6
Let b(h) = -h**3 - 5*h**2 - 2*h + 1. Let o be (-3)/((-4 - -2)/2). Let a(c) = 2*c - c - 2*c**3 + c**o + 2*c**2 + 5 - 3. Let m be a(3). Calculate b(m).
-7
Let q = 15 - 19. Let h(l) = -2 - 8*l + 4*l + 3*l**2 - 4*l**2. Give h(q).
-2
Let b = -7 + 10. Let g(r) = -b*r + 5*r - r - 2 + 8. What is g(0)?
6
Let d(m) be the first derivative of -m**2/2 + 15. Suppose 5*y - 51 = 4*r - 19, r = -2*y + 5. Give d(y).
-4
Let g(q) = 2 - 4 - 3 - 1 + q. Let w be g(8). Let h(t) = 5*t**2 - 6*t + 5. Let x(r) = -14*r**2 + 17*r - 14. Let i(s) = 8*h(s) + 3*x(s). What is i(w)?
-4
Let t(y) = -2 + y**2 + y**3 + 6 + 1 - 6*y**2 + 3*y. What is t(5)?
20
Let s(z) = -5*z + 2. Let c(b) = -2*b + 1. Let x(h) = -7*c(h) + 3*s(h). Let w(i) = -i**3 - 4*i**2 - 4*i - 1. Let j be w(-3). Let u = 1 - j. Determine x(u).
0
Let g(u) = u - 3. Suppose 0 = 5*a + 2*h + 14, -2*a - 2*h - 11 = -3*h. Determine g(a).
-7
Let h(s) = s**2 + s - 11. Let v be 0 - (-2 - -6 - 4). Calculate h(v).
-11
Let w(l) = l**2 - 4*l + 3. Suppose 0 = f - 0*f - 12. Let h = 11 + -9. Suppose 5*j - q = f, 2*q - 17 = -3*j - h. Determine w(j).
0
Let c(d) = -d**3 - 5*d**2 - 4*d - 1. Suppose -3*r = 101 - 38. Let f = 6 - r. Suppose 3*n - 2*q + f = q, -4*q + 32 = -3*n. Give c(n).
-1
Let w(i) = -i**2 + 7*i + 10. Let a = 3 + 5. Let r be w(a). Let x(j) = j**3 + j - 2. What is x(r)?
8
Let z(p) be the second derivative of p**5/20 - 7*p**4/12 + 5*p**3/6 + 3*p**2 - p. What is z(6)?
0
Let m(r) = -2*r + 0*r + 8*r + 1. Suppose 0 = -4*y + 2*z + 124, -4*y = -2*y + 5*z - 38. Suppose y*v = 34*v + 5. Determine m(v).
-5
Let f(v) be the third derivative of -v**5/60 - v**3 + 9*v**2. Calculate f(0).
-6
Let q = 45 - 46. Let w(u) = 1 + u + 3 - 3. Calculate w(q).
0
Let t(f) = f**2 + 8*f - 1. Let v(x) = x**2 - 6*x + 1. Let h(g) = 1. Let m(j) = -2*h(j) + v(j). Let z be m(5). Determine t(z).
-13
Let o(y) = -y**2 - 3*y - 1. Suppose 5*m + 15 = m + h, -5*h = -4*m - 27. Determine o(m).
-1
Suppose -5*t = a - 29, -7 + 3 = -t - 2*a. Suppose -7*j + t*j = -7. Let m(h) = -h**2 + 7*h + 1. What is m(j)?
1
Let y = -13 + 18. Suppose -3*n = -o + 8, n + 28 = -y*o - n. Let r(q) = q**3 + 4*q**2 + 3. Calculate r(o).
3
Let s(l) be the second derivative of -l**5/60 - l**4/24 - 2*l**3/3 - 4*l**2 - 5*l. Let r(h) be the first derivative of s(h). Determine r(-3).
-10
Let d(g) = 2*g - 5. Let o be d(7). Let p = -6 + o. Let t(u) = 4*u**3 + p + 4 + u**2 + 2*u - 3*u - 3*u**3. Calculate t(0).
7
Let a(n) be the first derivative of -2/3*n**3 - 2*n + 1/4*n**4 + 5 + 2*n**2. Suppose 2*s + 4 = -6, 0 = -o - 3*s - 13. Determine a(o).
6
Let h(g) = g**3 + 4*g**2 - 5*g - 5. Let f be ((-12)/2 - -1) + -1. Let y = -11 - f. Calculate h(y).
-5
Let q = 4 - 7. Let f(p) = p**2 - 3. What is f(q)?
6
Let i(s) = 13*s**3 + 2*s**2 + 2*s + 1. Let u be i(-1). Let z = u - -14. Let r(y) = -2*y**3 + y**2 + 3*y - 2. What is r(z)?
-8
Let i(t) = -3*t**3 - 12*t**2 + 5*t + 3. Let u(w) = 4*w**3 + 18*w**2 - 8*w - 4. Let n(o) = 7*i(o) + 5*u(o). Calculate n(5).
1
Let p(v) = v - 7. Let l = -185 - -193. Calculate p(l).
1
Let d(k) = -3*k**3. Let l be d(-1). Let z(h) = 5*h**2 + 2*h - 4. Let t(g) = -g**2 - g + 1. Let b(f) = -4*t(f) - z(f). What is b(l)?
-3
Suppose -3*v + 5*b - 1 = -5*v, -5*v = -5*b - 20. Let j(z) = v*z + 7*z - 1 - 5*z. What is j(2)?
9
Let h(i) = -8*i + 2*i - 11*i**2 - 2 + 6*i**2 + 4*i**2. Calculate h(-6).
-2
Let b(r) = -5*r**3 - 8*r**2 + 2*r - 3. Let g(k) = -11*k**3 - 16*k**2 + 4*k - 7. Let c(y) = 9*b(y) - 4*g(y). Calculate c(-8).
-15
Let x(n) = -2*n + 1. Let a(t) = -t. Let l(m) = 4*a(m) + x(m). Let f(w) = -w**3 - 3*w**2 + 1. Let z be f(-1). Give l(z).
7
Let u(l) be the first derivative of -3*l**3 - l**2/2 - 2. Let b be (-1)/(-3 - -2) - -2. Suppose -v - 2*v = -b. What is u(v)?
-10
Let o(r) = -7*r**2 + 1. Let s(v) = -v**3 - v**2 - 1. Let i be s(-1). Calculate o(i).
-6
Let x(p) = p**3 + 4*p**2 - 5*p + 3. Suppose -10 = 2*y - 0. Give x(y).
3
Suppose 5*a = 3*a - 12. Let m(y) = y**2 - 3*y - 1. Let f(h) = -5*h**2 + 8*h + 3*h**2 - 5*h**2 + 4 + 3*h**2. Let j(u) = 2*f(u) + 7*m(u). Give j(a).
-5
Let o(c) be the third derivative of -c**4/4 + 4*c**3/3 + 8*c**2. Let y(n) = -2 - 2*n + 3 + 2. Let h(q) = 6*o(q) - 17*y(q). Calculate h(-2).
1
Let j(z) = 5*z + 5. Let h(a) = 3*a + 3. Let k(p) = 8*h(p) - 5*j(p). Give k(-3).
2
Suppose f = 5*y - 6, -1 = 4*f - 2*f + y. Let t be (f - -4) + (2 - 1). Let b(u) = 2*u**2 - u**